{"id":1659,"date":"2015-03-16T18:04:16","date_gmt":"2015-03-16T17:04:16","guid":{"rendered":"http:\/\/www.manq.it\/?page_id=1659"},"modified":"2021-04-22T11:49:01","modified_gmt":"2021-04-22T09:49:01","slug":"maui-2013","status":"publish","type":"page","link":"https:\/\/www.manq.it\/index.php\/maui-2013\/","title":{"rendered":"Maui &#8211; 2013"},"content":{"rendered":"<p><iframe loading=\"lazy\" src=\"https:\/\/maps.google.com\/maps?f=d&amp;source=s_d&amp;saddr=Kahului,+Hawaii,+Stati+Uniti&amp;daddr=H%C4%81na,+Hawaii,+Stati+Uniti&amp;hl=it&amp;geocode=Ffe-PgEdjWms9imBzk3m29JUeTHcxUCtZrHlEA%3BFQS8PAEdSc6z9inTNC1iJaxUeTGTyVGgHVE0-g&amp;aq=0&amp;oq=Hana&amp;sll=20.845016,-156.409607&amp;sspn=0.21112,0.454559&amp;mra=ls&amp;ie=UTF8&amp;ll=20.847702,-156.230904&amp;spn=0.180585,0.484078&amp;t=m&amp;output=embed\" width=\"650\" height=\"350\" frameborder=\"0\" marginwidth=\"0\" marginheight=\"0\" scrolling=\"no\"><\/iframe><\/p>\n<p style=\"text-align: justify;\">Con questo viaggio io e la Polly abbiamo veramente deciso di esagerare e, sfruttando alcune circostanze favorevoli, siamo riusciti a coronare uno dei miei sogni di sempre: le Hawaii. Per questioni strettamente economiche non ci era possibile visitare tutto l\u2019arcipelago, cos\u00ec abbiamo pensato che la cosa migliore fosse visitare solo un\u2019isola, ma goderla in toto. Per quanto riguarda la scelta dell\u2019isola, invece, i dubbi sono stati pochi e nonostante leggendo in giro non fosse considerata la migliore, Maui si \u00e8 imposta un po\u2019 per l\u2019immaginario che da sempre la circonda ed un po\u2019 perch\u00e9 comunque come tipologia di attrattive risulta piuttosto variegata.<\/p>\n<p style=\"text-align: justify;\"><img decoding=\"async\" style=\"margin: 5px 0px 5px 10px; padding: 2px; border: 1px solid #FFFFFF;\" title=\"La polly a Wahikuli\" src=\"http:\/\/www.manq.it\/wordpress\/wp-content\/uploads\/viaggi\/Maui02.jpg\" alt=\"\" width=\"400\" align=\"right\">La prima cosa che abbiamo fatto, per valutare la fattibilit\u00e0 di questo viaggio, \u00e8 stata esaminare il prezzo dei voli e, sorprendentemente, questi si sono rivelati molto meno impegnativi di quanto pensassimo. Per esigenze personali abbiamo unito questo viaggio ad uno gi\u00e0 programmato per New York, dove saremmo stati ospiti di un amica. In queste condizioni, con lo scalo a NY forzato e le date non flessibili, il prezzo del volo si aggirava sui 1200 euro. Facendo un controllo sui vari motori di ricerca per\u00f2, \u00e8 possibile volare alle Hawaii con anche trecento\/quattrocento euro in meno, specie se si vola su Honolulu (Oahu) invece che su Kahului (Maui). In generale per\u00f2, se si vogliono evitare scali improbabili e viaggi della speranza su un tragitto che \u00e8 gi\u00e0 di suo abbastanza lungo ed impegnativo, \u00e8 bene considerare mille euro come budget per il solo viaggio aereo. Noi abbiamo volato con British Airways e American Airlines, facendo scalo a Londra e Los Angeles. Ancora una volta, come mi era gi\u00e0 capitato in passato, devo riconoscere che le tratte intercontinentali della British offrono un servizio notevole anche in economica, con un confort molto superiore a quello riscontrato ad esempio con Lufthansa o Iberia in passato. Le ore di volo sono tante, nel nostro caso sono state 17, ma se si vola bene risultano ampiamente affrontabili.<\/p>\n<p style=\"text-align: justify;\">Come ultimamente siamo soliti fare, prima di partire abbiamo prenotato albergo e automobile. L\u2019isola non \u00e8 grandissima, anzi, ma girarsela tutta \u00e8 un dovere e quindi avere una macchina a disposizione fa molto comodo. Noi ci siamo affidati ad <a href=\"https:\/\/www.alamo.com\/en_US\/car-rental\/home.html\" target=\"_blank\" rel=\"noopener noreferrer\">Alamo<\/a> che con duecento dollari ci ha noleggiato una berlinetta senza pretese che ci ha permesso di fare, in sette giorni, quasi mille chilometri. In loco le agenzie di noleggio spingono molto per proporre fuoristrada o SUV, puntando sulla tortuosit\u00e0 di alcuni tratti stradali, ma il mio consiglio \u00e8 di non starli a sentire. Le strade di Maui sono eccellenti, con l\u2019unico problema che ogni tanto diventano strette e con numerosi sensi unici alternati. In quelle circostanze, avere una macchina piccola piuttosto che una grande \u00e8 veramente un vantaggio. Per quanto riguarda la sistemazione invece ci siamo affidati all\u2019ormai insostituibile booking.com, cercando per\u00f2 appartamenti o stanze suggeriti anche sulle guide in nostro possesso. I prezzi di gran parte delle strutture a Maui sono inavvicinabili, ma con un po\u2019 di pazienza si possono trovare strutture accettabili a prezzi del tutto onesti. Noi abbiamo optato per la <a href=\"http:\/\/www.booking.com\/hotel\/us\/the-makai-inn.en-gb.html?sid=03a1849c686a358dc86d3ef23c826a95;dcid=1;checkin=2013-09-02;checkout=2013-09-08;srfid=12605e56a5ae7bbbbee26307990b7a2009f4e56cX1\" target=\"_blank\" rel=\"noopener noreferrer\">Makai Inn<\/a> di <strong>Lahaina<\/strong>. Gli appartamenti sono veramente carini, stra economici per il posto (abbiamo speso meno di cinquanta euro a notte a testa, tasse incluse) e vicinissimi non solo alle spiagge pi\u00f9 belle dell\u2019isola, ma anche all\u2019unico vero centro abitato carino e piacevole per passare le serate. Cosa fondamentale, inoltre, sono provvisti di parcheggio privato gratuito che sull&#8217;isola \u00e8 cosa assai rara. Ecco, la pulizia non \u00e8 la loro caratteristica migliore, per usare un eufemismo, ma il gioco a mio avviso vale assolutamente la candela.<\/p>\n<p style=\"text-align: justify;\"><img decoding=\"async\" style=\"margin: 5px 10px 5px 0px; padding: 2px; border: 1px solid #FFFFFF;\" title=\"Manq sulla road to Hana\" src=\"http:\/\/www.manq.it\/wordpress\/wp-content\/uploads\/viaggi\/Maui03.jpg\" alt=\"\" width=\"400\" align=\"left\">Passiamo quindi a descrivere il nostro viaggio. Consultando diverse guide abbiamo identificato tre itinerari giornalieri che andavano assolutamente fatti e questo ci lasciava la possibilit\u00e0 di occupare i restanti tre giorni pieni a disposizione per visitare altre spiagge e completare il tour dell\u2019isola. Il clima estivo alle Hawaii \u00e8 abbastanza ballerino: fa caldo e c\u2019\u00e8 sempre vento a spazzare le nuvole dal cielo, per\u00f2 qualche pioggerella in qualche parte dell\u2019isola la si becca sempre. Per questo, anche nella stesura degli itinerari, ci siamo basati molto sulle previsioni del tempo, associando a ciascuna attivit\u00e0 il clima che ci sembrava pi\u00f9 adatto. Il nostro piano principale era di visitare spiagge e insenature, sia per fare snorkeling che per provare a cimentarsi con la famosa boogie board (surfare \u00e8 abbastanza improbo da quelle parti, se non si \u00e8 capaci). La cosa che pi\u00f9 ci ha aiutati nel nostro tour \u00e8 stata, paradossalmente, il jet-lag. Il sole a Maui sorge intorno alle 5.30 del mattino e cala alle 19.30. La cosa bella \u00e8 che i negozi aprono tutti molto presto, permettendo di iniziare la propria giornata in spiaggia alle prime luci del giorno e di godersi tanto il sole prima che diventi assassino. Noi di norma uscivamo di casa intorno alle 6.00, con la luce gi\u00e0 alta, ed eravamo in spiaggia tra le sette e le otto, a seconda delle distanze da percorrere, riducendo di molto i problemi di parcheggio (unico vero scoglio, perch\u00e9 le spiagge non sono mai affollate). Il primo giorno, ancora un po\u2019 scombussolati dal viaggio, ci siamo dedicati ad un po\u2019 di relax in una spiaggetta vicino a noi chiamata Wahikuli. Ci siamo andati senza alcuna aspettativa, non essendo segnalata da alcuna guida, ma una volta l\u00ec abbiamo subito capito in che paradiso avremmo trascorso le nostre vacanze. Sabbia fine, acqua trasparentissima, fondale quasi subito fondo e ricco di rocce e coralli. Ma soprattutto pesci, tantissimi pesci di ogni colore e forma, e tartarughe marine anche molto grandi. Veramente meraviglioso. Ogni spiaggia sull\u2019isola \u00e8 pubblica, anche quelle collocate di fronte ai grossi hotel e residence. Di conseguenza, spessissimo sono attrezzate non solo con docce gratuite e bagnino, ma anche con zone verdi completamente allestite per pic-nic e grigliate. Girando in macchina dopo il tramonto, \u00e8 veramente suggestivo vedere su tutte le spiagge gruppi di surfisti e&nbsp;famiglie che grigliano in compagnia di fronte all\u2019oceano. Ha un che di magico e mette davvero in pace con se stessi e con il mondo. Il pomeriggio dello stesso giorno siamo andati al primo spot segnalato per lo snorkeling, nei pressi di <strong>Kapalua<\/strong>. Una piccola baia a fondale roccioso, priva di spiaggia, in cui \u00e8 davvero possibile vedere qualsiasi tipo di pesce tropicale o animale marino vi possa venire in mente. Per arrivarci si percorre un tratto in auto su un promontorio da cui si pu\u00f2 ammirare la baia dall\u2019alto. Il fondale \u00e8 visibilissimo anche dove l\u2019acqua diventa veramente profonda, un vero spettacolo.<\/p>\n<p style=\"text-align: justify;\"><img decoding=\"async\" style=\"margin: 5px 0px 5px 10px; padding: 2px; border: 1px solid #FFFFFF;\" title=\"La Polly a Big Beach\" src=\"http:\/\/www.manq.it\/wordpress\/wp-content\/uploads\/viaggi\/Maui04.jpg\" alt=\"\" width=\"267\" align=\"right\">Il secondo giorno ci siamo invece dedicati al primo degli itinerari suggeriti, la <strong>road to Hana <\/strong>(unico itinerario segnato sulla cartina in alto). Si tratta di una strada costiera di cinquanta e pi\u00f9 miglia, che permette di vedere non solo paesaggi da film, ma anche di visitare diversi parchi e spot di natura incontaminata che presentano spesso cascate e vegetazione rigogliosa. In tutta onest\u00e0, questa \u00e8 stata forse l\u2019unica cosa ad averci parzialmente deluso, anche perch\u00e9 essendo stati in Messico e Guatemala abbiamo potuto vedere altri paesaggi simili e ben pi\u00f9 impressionanti. Tuttavia il viaggio vale sicuramente almeno alcune delle tappe che propone. Subito all\u2019inizio, mi pare intorno al miglio 2, ci sono le Twin Falls, due cascate gemelle con tanto di laghetto e possibilit\u00e0 di fare il bagno. Sono molto carine, anche se le abbiamo trovate un po\u2019 affollate, e valgono sicuramente la pena. Inoltre nel parcheggio da cui inizia il sentiero c\u2019\u00e8 un fantastico baracchino che fa degli smoothies di ananas e canna da zucchero che sono letteralmente divini. Come dicevo, non mi sentirei di suggerire nessun\u2019altra tappa precisa lungo il percorso se non randomici spot da cui godersi la vista sulla costa, fino alla spiaggia nera del Waianapanapa State Park, ormai nei pressi di Hana. Questo posto invece varrebbe da solo tutto l\u2019itinerario. Si tratta di una piccola insenatura di spiaggia lavica circondata da fitta vegetazione e con un mare blu profondo dovuto al colore del fondale. Descriverlo non rende l\u2019idea e, posso garantire, nemmeno guardare le foto (che, per inciso, una volta rientrato ho trovato tutte bruttissime. Ma credo che oltre alle mie colpe di scarso fotografo, ci sia anche un materiale di partenza che riprodurre \u00e8 davvero impossibile). Lasciata la spiaggia nera noi abbiamo proseguito sulla road ancora per diverse miglia, superando Hana. Ci siamo avventurati in sentierini assurdi per riuscire a trovare la famigerata spiaggia rossa sotto Hana, ma una volta arrivati ci ha molto deluso anche per via della presenza di diversi senza tetto che l\u2019hanno presa come dimora. Per carit\u00e0, nulla contro di loro, ma ammazzano un po\u2019 la poesia del luogo. Prima di rientrare ci siamo spinti fino alle Seven Sacred Pools, racchiuse in un parco naturale a pagamento che, tutto sommato, pu\u00f2 anche non essere visto. Noi ci siamo andati anche perch\u00e9 il biglietto di ingresso sarebbe stato valido anche per il vulcano che avevamo intenzione di visitare due giorni dopo, ma forse saremmo anche potuti rientrare direttamente dopo la spiaggia nera.<\/p>\n<p style=\"text-align: justify;\">Per il terzo giorno il nostro planning prevedeva la seconda escursione, ovvero la gita di snorkeling al cratere sommerso di <strong>Molokini<\/strong>. Per organizzare la cosa, ci siamo affidati a <a href=\"http:\/\/www.snorkelbob.com\/\" target=\"_blank\" rel=\"noopener noreferrer\">Snorkel Bob <\/a> che ci ha prenotato un tour giornaliero che prevedesse la gita al cratere, una seconda sessione di snorkeling a Turtle Town, colazione e pranzo inclusi e servizio di free bar. Il prezzo era allettante (80 dollari a persona), soprattutto per via del fatto che i costi per cibo e bevande sull\u2019isola sono piuttosto alti e si deve mettere in conto ogni giorno almeno una quindicina di dollari a testa anche solo per prepararsi dei panini al sacco. Il nostro tour era gestito dalla <a href=\"http:\/\/www.mauisnorkeling.com\/\" target=\"_blank\" rel=\"noopener noreferrer\">Lani Kai friendly charters<\/a> ed \u00e8 stato superlativo, anche e soprattutto per il fatto che la barca non conteneva troppe persone, eravamo una ventina abbondante, e che le condizioni meteo della giornata, tra sole e mare, erano perfette. La compagnia forniva anche un servizio aggiuntivo di snuba diving, immersioni con bombola fuori dall\u2019acqua stile palombaro, ma anche in questo caso sconsiglio la scelta (50 dollari extra) perch\u00e9 sapendo nuotare e con un po\u2019 di capacit\u00e0 di tenere il fiato li si poteva tranquillamente seguire senza necessit\u00e0 dell\u2019ossigeno. Interessante invece \u00e8 sicuramente l\u2019opzione immersioni vere e proprie, ma \u00e8 una pratica per cui ovviamente \u00e8 necessario un brevetto e che di conseguenza non ho potuto fare. Finito lo snorkeling e mangiato un buon sandwich, il viaggio di ritorno \u00e8 stato scandito dal ritmo incessante dei Mai-Tai che abbiamo bevuto in compagnia della ciurma. Piacevole nota a margine: Snorkel Bob per ringraziarci della prenotazione ci ha noleggiato for free una boogie board per tutta la settimana.<\/p>\n<p style=\"text-align: justify;\"><img decoding=\"async\" style=\"margin: 5px 10px 5px 0px; padding: 2px; border: 1px solid #FFFFFF;\" title=\"Manq a Kapalua Beach\" src=\"http:\/\/www.manq.it\/wordpress\/wp-content\/uploads\/viaggi\/Maui05.jpg\" alt=\"\" width=\"267\" align=\"left\">Quarto giorno, ultimo itinerario. Questa volta si tratta di andare in cima al vulcano spento del parco naturale di <strong>Haleakala<\/strong>&nbsp;per godere dell\u2019alba. La partenza \u00e8 presto, perch\u00e9 la strada \u00e8 lunghetta e i limiti di velocit\u00e0 impietosi, quindi usciamo di casa intorno alle 3.00 fermandoci unicamente al supermercato aperto 24\/7 per recuperare un po\u2019 di generi alimentari per la colazione. Il nostro progetto era di vedere l\u2019alba e poi visitare le spiagge del sud dell\u2019isola, cos\u00ec siamo partiti in tenuta da mare, con giusto una felpa nello zaino. Quello di cui non tenevamo conto, \u00e8 che in cima al vulcano la temperatura era intorno ai 4\u00b0 C. Un freddo allucinante. Per\u00f2, anche in questo caso, quel che abbiamo visto ci ha ampiamente ripagati del freddo, della levataccia e delle miglia percorse. Uno spettacolo naturale impressionante, col sole che sorge sopra le nuvole che circondano il cratere. Come dicevo il costo dell\u2019ingresso, 10 dollari, comprendeva anche l\u2019ingresso al parco delle Sacred pools, ma inutile precisare che sarebbero soldi ben spesi anche senza questa opzione. Visto sorgere il sole e consumata la colazione nel caldo dell\u2019auto, ci siamo rimessi in macchina e abbiamo visitato le spiagge della parte sud-ovest dell\u2019isola lungo tutta la costa che porta a Kihei. Abbiamo deciso di fermarci a <strong>Big Beach<\/strong>, una lunghissima striscia di fine sabbia gialla. Quel giorno, per la prima volta, abbiamo visto cosa vuol dire mare mosso alle Hawaii e di conseguenza abbiamo ridefinito il nostro concetto di onde. La giornata in spiaggia \u00e8 passata bene, ma entrare in acqua era oggettivamente impossibile nonostante la sicurezza fornita dall\u2019avere il classico cabinotto dei baywatch a pochi metri. In compenso, abbiamo potuto ammirare le imprese di un sacco di baldi giovani locali che si cimentavano con le boogie board in evoluzioni notevoli. Oltre a Big Beach, tutta quella costa presenta molte spiagge bellissime tra cui forse spicca Ulua beach che per\u00f2 noi abbiamo visto solo di sfuggita.<\/p>\n<p style=\"text-align: justify;\">Finite le escursioni, abbiamo utilizzato gli ultimi due giorni per finire di visitare le spiagge dell\u2019isola che ci mancavano e dedicarci ad un po\u2019 di sano relax. Abbiamo cos\u00ec visto <strong>Kaanapali beach<\/strong>&nbsp;e <strong>Kapalua beach<\/strong>, decretando la vittoria schiacciante della seconda sulla prima, e ci siamo goduti per gli ultimi giorni l\u2019acqua, il sole e la fantastica fauna marina del luogo. Kaanapali beach \u00e8 dove risiedono tutti i grossi complessi alberghieri. La spiaggia come detto \u00e8 libera ed \u00e8 anche qui completamente sabbiosa, dando al mare dei colori fantastici e molto pi\u00f9 \u201ccaraibici\u201d rispetto ad altri luoghi. Le strutture alberghiere sono grandi, ma non cos\u00ec disturbanti da vedere, soprattutto rispetto ad altri punti dell&#8217;isola. Mi fa sempre uno strano effetto vedere stormi di americani sguazzare in una piscina a dieci metri da quell&#8217;oceano fantastico e difficilmente capir\u00f2 come possano farsi ore e ore di viaggio (perch\u00e9 son tante anche per loro, visto che da Los Angeles ci vogliono cinque ore) per fare cose che potrebbero fare ovunque e senza spendere tutti quei soldi. Io stesso, in passato, prediligevo la piscina al mare quando andavo in vacanza. Ma non era questo mare. Kapalua beach invece \u00e8 spettacolare. Piccola, raccolta, poco frequentata e fornita come tutte di ogni servizio. Si trova all&#8217;interno di una sorta di centro residenziale tenuto benissimo, con viali di palme, prato all&#8217;inglese e campi da golf, ma col fatto che il litorale \u00e8 tutto composto di piccole baie in questa porzione di costa, non si ha l\u2019impressione di essere in mezzo agli alberghi, ma anzi di essere in una sorta di piccola baietta privata. Il fondale \u00e8 sabbioso solo a riva, dove la spiaggia entra in acqua, e subito vira a roccioso con annesso spopolare di fauna ittica e marina. Ci abbiamo passato gli ultimi due giorni praticamente senza pi\u00f9 spostarci e, al solo ripensarci, mi viene nostalgia.<\/p>\n<p style=\"text-align: justify;\">Tutte le sere, la nostra vita si concentrava nella cittadina di <strong>Lahaina <\/strong>dove andavamo a fare una bella passeggiata sul lungo mare, con annesso shopping, prima di concederci una bella cenetta ed il meritato riposo. Tra i posti in cui abbiamo cenato, sicuramente consiglierei Cheeseburger in Paradise per l\u2019ottimo hamburger, il fantastico contesto e la genialit\u00e0 del tizio che suona dal vivo, e poi la <a href=\"http:\/\/lahainafishco.com\/\" target=\"_blank\" rel=\"noopener noreferrer\">Lahaina fish Company<\/a> dove ho mangiato dell\u2019ottimo pesce, provando anche la famosa salsa di accompagnamento al mango che tanto va negli States. Pesce buono l\u2019abbiamo trovato anche alla <a href=\"http:\/\/www.malaoceantavern.com\/\" target=\"_blank\" rel=\"noopener noreferrer\">Mala Ocean Tavern<\/a>, anche se in questo caso il rapporto qualit\u00e0\/prezzo ci ha fatto storcere un po\u2019 il naso. Assolutamente da evitare invece, perch\u00e9 oltremodo pessimo, <a href=\"\/\/www.alohamixedplate.com\/\" target=\"_blank\" rel=\"noopener noreferrer\">l\u2019Alhoa Mixed Plate<\/a>. Durante il giorno infine, le poche volte in cui non avevamo con noi i panini, la tappa obbligata era <a href=\"https:\/\/www.mauitacos.com\/\" target=\"_blank\" rel=\"noopener noreferrer\">Maui Tacos<\/a> che alla parola d&#8217;ordine di &#8220;Mexican with mauitude&#8221; forniva eccellenti tacos di pesce. In ogni caso, va prestata assoluta attenzione quando si ordina al terribile <a href=\"http:\/\/ihatecilantro.com\/\" target=\"_blank\" rel=\"noopener noreferrer\">cilantro<\/a> a.k.a. l\u2019erba sapone, mentre \u00e8 doveroso almeno una volta al giorno sorseggiare la bevanda tipica del luogo, ovvero il <a href=\"http:\/\/en.wikipedia.org\/wiki\/Mai_Tai\" target=\"_blank\" rel=\"noopener noreferrer\">Mai-Tai<\/a> (che tipico non \u00e8, ma che bevono tutti. Ovunque. Sempre.).<\/p>\n<p style=\"text-align: justify;\">In conclusione, come credo si sia anche capito dalla recensione, il viaggio \u00e8 stato clamoroso e ne siamo tornati entusiasti. Come dicevo all&#8217;inizio, con sei giorni pieni a disposizione abbiamo preferito concentrarci su un\u2019unica isola, invece che farne due come suggerito da diversi tour operator, perch\u00e9 in questo modo abbiamo potuto non solo vederla tutta, ma godercela davvero. Da quel che si legge in giro Maui forse non \u00e8 la migliore, ma a noi ha fatto letteralmente innamorare e, a questo punto, non ci rester\u00e0 che mettere nel cassetto la voglia di vedere le altre isole e valutare coi nostri occhi. Chiss\u00e0 mai che un giorno\u2026<\/p>\n<p style=\"text-align: left;\"><img decoding=\"async\" class=\"aligncenter\" src=\"http:\/\/www.manq.it\/wordpress\/wp-content\/uploads\/viaggi\/mauigruppo.jpg\" alt=\"\" width=\"640\"><strong><br \/>\nTeam:<\/strong> Manq e la Polly<br \/>\n<strong>Durata:<\/strong> 8 giorni<br \/>\n<strong>Km percorsi:<\/strong> 860 indicativamente, tratte aeree escluse.<br \/>\n<strong>Mezzo di locomozione:<\/strong> Hyundai Elantra<br \/>\n<strong>Spesa:<\/strong> 1800 euro (A persona, indicativamente)<br \/>\n<strong>Sponsor*:<\/strong> Maui Tacos<\/p>\n<p><strong>VALUTAZIONE:<\/strong><br \/>\n<img loading=\"lazy\" decoding=\"async\" class=\"alignnone size-full wp-image-1552\" src=\"http:\/\/www.manq.it\/wordpress\/wp-content\/uploads\/5-stelle.png\" alt=\"5-stelle\" width=\"200\" height=\"37\"><\/p>\n<p style=\"text-align: justify;\"><em>*Con Sponsor si intende il o i prodotti che si sono distinti per presenza costante durante il viaggio. Nessuno mi ha mai dato un euro per viaggiare, mai.<\/em><\/p>\n","protected":false},"excerpt":{"rendered":"<p>Con questo viaggio io e la Polly abbiamo veramente deciso di esagerare e, sfruttando alcune circostanze favorevoli, siamo riusciti a coronare uno dei miei sogni di sempre: le Hawaii. Per questioni strettamente economiche non ci era possibile visitare tutto l\u2019arcipelago, cos\u00ec abbiamo pensato che la cosa migliore fosse visitare solo un\u2019isola, ma goderla in toto.&hellip;&nbsp;<a href=\"https:\/\/www.manq.it\/index.php\/maui-2013\/\" rel=\"bookmark\">Leggi tutto &raquo;<span class=\"screen-reader-text\">Maui &#8211; 2013<\/span><\/a><\/p>\n","protected":false},"author":1,"featured_media":0,"parent":0,"menu_order":0,"comment_status":"open","ping_status":"open","template":"","meta":{"neve_meta_sidebar":"","neve_meta_container":"","neve_meta_enable_content_width":"off","neve_meta_content_width":0,"neve_meta_title_alignment":"","neve_meta_author_avatar":"","neve_post_elements_order":"","neve_meta_disable_header":"","neve_meta_disable_footer":"","neve_meta_disable_title":"","footnotes":""},"class_list":["post-1659","page","type-page","status-publish","hentry"],"_links":{"self":[{"href":"https:\/\/www.manq.it\/index.php\/wp-json\/wp\/v2\/pages\/1659","targetHints":{"allow":["GET"]}}],"collection":[{"href":"https:\/\/www.manq.it\/index.php\/wp-json\/wp\/v2\/pages"}],"about":[{"href":"https:\/\/www.manq.it\/index.php\/wp-json\/wp\/v2\/types\/page"}],"author":[{"embeddable":true,"href":"https:\/\/www.manq.it\/index.php\/wp-json\/wp\/v2\/users\/1"}],"replies":[{"embeddable":true,"href":"https:\/\/www.manq.it\/index.php\/wp-json\/wp\/v2\/comments?post=1659"}],"version-history":[{"count":11,"href":"https:\/\/www.manq.it\/index.php\/wp-json\/wp\/v2\/pages\/1659\/revisions"}],"predecessor-version":[{"id":4219,"href":"https:\/\/www.manq.it\/index.php\/wp-json\/wp\/v2\/pages\/1659\/revisions\/4219"}],"wp:attachment":[{"href":"https:\/\/www.manq.it\/index.php\/wp-json\/wp\/v2\/media?parent=1659"}],"curies":[{"name":"wp","href":"https:\/\/api.w.org\/{rel}","templated":true}]}}