{"id":4588,"date":"2022-09-27T09:39:27","date_gmt":"2022-09-27T07:39:27","guid":{"rendered":"https:\/\/www.manq.it\/index.php\/newsletter\/"},"modified":"2022-09-27T10:05:44","modified_gmt":"2022-09-27T08:05:44","slug":"newsletter","status":"publish","type":"page","link":"https:\/\/www.manq.it\/index.php\/newsletter\/","title":{"rendered":"La posta di Manq"},"content":{"rendered":"<p style=\"text-align: justify;\">Ogni tanto qualcuno mi dice che non segnalo abbastanza le cose che scrivo.&nbsp;<br \/>\nE&#8217; vero, il motivo \u00e8 che il pi\u00f9 delle volte non penso a qualcuno interessi davvero, quindi di massima non mi metto a condividere i miei pezzi via social o altro. Pu\u00f2 capitare, se proprio tengo a quel che ho messo insieme, ma anche quando succede non \u00e8 che porti a chiss\u00e0 quale differenza in termini di accesso al sito o di costruzione del dibattito (che poi sarebbe lo scopo). Diciamo che se questo blog dipendesse dai risultati che porta, sarebbe chiuso da tempo.<br \/>\nCome dicevo per\u00f2, qualcuno ogni tanto mi fa notare che se scrivo un post al mese e non lo dico a nessuno, difficilmente quel post verr\u00e0 letto. Neanche da quei pochi che vorrebbero farlo.<br \/>\nE allora provo questa cosa della newsletter, che non serve a nient&#8217;altro che a ricevere via email i post che scrivo, senza doversi ricordare di passare di qui.<\/p>\n<p>Se vi interessa, potete iscrivervi qui sotto.<\/p>\n<div class=\"tnp tnp-subscription \">\n<form method=\"post\" action=\"https:\/\/www.manq.it\/wordpress\/wp-admin\/admin-ajax.php?action=tnp&amp;na=s\">\n<input type=\"hidden\" name=\"nlang\" value=\"\">\n<div class=\"tnp-field tnp-field-email\"><label for=\"tnp-1\">Email<\/label>\n<input class=\"tnp-email\" type=\"email\" name=\"ne\" id=\"tnp-1\" value=\"\" placeholder=\"\" required><\/div>\n<div class=\"tnp-field tnp-privacy-field\"><label><input type=\"checkbox\" name=\"ny\" required class=\"tnp-privacy\"> <a target=\"_blank\" href=\"https:\/\/www.iubenda.com\/privacy-policy\/82549365\">Procedendo accetti la privacy policy<\/a><\/label><\/div><div class=\"tnp-field tnp-field-button\" style=\"text-align: left\"><input class=\"tnp-submit\" type=\"submit\" value=\"Iscriviti\" style=\"\">\n<\/div>\n<\/form>\n<\/div>\n\n","protected":false},"excerpt":{"rendered":"<p>Ogni tanto qualcuno mi dice che non segnalo abbastanza le cose che scrivo.&nbsp; E&#8217; vero, il motivo \u00e8 che il pi\u00f9 delle volte non penso a qualcuno interessi davvero, quindi di massima non mi metto a condividere i miei pezzi via social o altro. Pu\u00f2 capitare, se proprio tengo a quel che ho messo insieme,&hellip;&nbsp;<a href=\"https:\/\/www.manq.it\/index.php\/newsletter\/\" rel=\"bookmark\">Leggi tutto &raquo;<span class=\"screen-reader-text\">La posta di Manq<\/span><\/a><\/p>\n","protected":false},"author":1,"featured_media":0,"parent":0,"menu_order":0,"comment_status":"closed","ping_status":"closed","template":"","meta":{"neve_meta_sidebar":"","neve_meta_container":"","neve_meta_enable_content_width":"off","neve_meta_content_width":70,"neve_meta_title_alignment":"","neve_meta_author_avatar":"","neve_post_elements_order":"","neve_meta_disable_header":"","neve_meta_disable_footer":"","neve_meta_disable_title":"","footnotes":""},"class_list":["post-4588","page","type-page","status-publish","hentry"],"_links":{"self":[{"href":"https:\/\/www.manq.it\/index.php\/wp-json\/wp\/v2\/pages\/4588","targetHints":{"allow":["GET"]}}],"collection":[{"href":"https:\/\/www.manq.it\/index.php\/wp-json\/wp\/v2\/pages"}],"about":[{"href":"https:\/\/www.manq.it\/index.php\/wp-json\/wp\/v2\/types\/page"}],"author":[{"embeddable":true,"href":"https:\/\/www.manq.it\/index.php\/wp-json\/wp\/v2\/users\/1"}],"replies":[{"embeddable":true,"href":"https:\/\/www.manq.it\/index.php\/wp-json\/wp\/v2\/comments?post=4588"}],"version-history":[{"count":2,"href":"https:\/\/www.manq.it\/index.php\/wp-json\/wp\/v2\/pages\/4588\/revisions"}],"predecessor-version":[{"id":4591,"href":"https:\/\/www.manq.it\/index.php\/wp-json\/wp\/v2\/pages\/4588\/revisions\/4591"}],"wp:attachment":[{"href":"https:\/\/www.manq.it\/index.php\/wp-json\/wp\/v2\/media?parent=4588"}],"curies":[{"name":"wp","href":"https:\/\/api.w.org\/{rel}","templated":true}]}}