{"id":1611,"date":"2017-10-03T11:53:10","date_gmt":"2017-10-03T09:53:10","guid":{"rendered":"http:\/\/www.manq.it\/waterdeep\/?page_id=1611"},"modified":"2020-12-15T17:20:55","modified_gmt":"2020-12-15T16:20:55","slug":"il-simbolo-sacro-di-zulgos","status":"publish","type":"page","link":"https:\/\/www.manq.it\/waterdeep\/?page_id=1611","title":{"rendered":"Il simbolo sacro di Zulgos"},"content":{"rendered":"<p style=\"text-align: justify;\"><em>Gli avvenimenti riportati qui di&nbsp;seguito sono diretta conseguenza di <a href=\"https:\/\/www.manq.it\/waterdeep\/?p=1518\" target=\"_blank\" rel=\"noopener\">quanto avvenuto<\/a> il&nbsp;<strong>Giorno IX<\/strong>&nbsp;di <strong>Mirtul<\/strong>, anno <strong>1370 CV<\/strong>. <\/em><br \/>\n<em>C&#8217;\u00e8 infatti una storia che si cela dietro al simbolo sacro di Zulgos e che prima o poi dovr\u00e0 essere raccontata, ma per ora ci limiteremo a narrare una serie di eventi innescatisi quando il chierico \u00e8 stato separato suo malgrado dal proprio amuleto.<br \/>\nIl modo migliore per riportare questa storia \u00e8 trascriverne la versione di&nbsp;<b>Elanil Elassidil<\/b>, la barda che pi\u00f9 di tutti am\u00f2 raccontarla.<\/em><\/p>\n<p style=\"text-align: justify;\">Quello che segue \u00e8 il racconto di una storia molto cruda e violenta, che si origina nella lontana regione nota come Vaasa. In quelle terre vive la trib\u00f9 dei <strong>Thundas Panavhas<\/strong>, i Puma del Tuono, un&#8217;orda di mezz&#8217;orchi che conosce unicamente la guerra.&nbsp;<br \/>\nI Puma del Tuono parlano il linguaggio della violenza, che utilizzano per guadagnare onore, rispetto e potere contro le trib\u00f9 nemiche, ma anche per procurarsi cibo, soldi e donne dai poveri e deboli villaggi che hanno intorno. I loro guerrieri sono i pi\u00f9 forti, le loro scorrerie inarrestabili. Il grido della loro avanzata getta terrore e disperazione in chiunque abbia la sfortuna di udirlo. Sono spietati ed implacabili, assetati di sangue, battaglie e morte.<br \/>\nUno dei loro migliori generali in quel tempo era lo sciamano <a class=\"wp-live-preview\" href=\"https:\/\/www.manq.it\/waterdeep\/wp-content\/gallery\/il-simbolo-sacro-di-zulgos\/Scrotozoppo.jpg\" target=\"_blank\" rel=\"noopener\"><strong>Haltz Ukcroavum<\/strong><\/a>, Scroto Zoppo nella lingua degli umani, che al fianco dei suoi fratelli <a class=\"wp-live-preview\" href=\"https:\/\/www.manq.it\/waterdeep\/wp-content\/gallery\/il-simbolo-sacro-di-zulgos\/Burzum.jpg\" target=\"_blank\" rel=\"noopener\"><strong>Burzum<\/strong><\/a> e <a class=\"wp-live-preview\" href=\"https:\/\/www.manq.it\/waterdeep\/wp-content\/gallery\/il-simbolo-sacro-di-zulgos\/Arugan.jpg\" target=\"_blank\" rel=\"noopener\"><strong>Arugan<\/strong><\/a> guidava da tempo le pi\u00f9 proficue e violente razzie della trib\u00f9. In una di queste lo sciamano entr\u00f2 in possesso di un libro magico, immediatamente stimato di grande valore e potere.<br \/>\nCon l&#8217;andare delle generazioni, i Puma del Tuono avevano imparato ad integrare la politica ed il commercio alla violenza, entrando in contatto con gli umani nelle grandi citt\u00e0 e ricavando grandi profitti da scambi e compravendite. Anche in questo, Scroto Zoppo era il pi\u00f9 abile della trib\u00f9 e nel corso degli anni aveva stretto i rapporti con una guardia della citt\u00e0 di Waterdeep, tale&nbsp;<a class=\"wp-live-preview\" href=\"https:\/\/www.manq.it\/waterdeep\/wp-content\/gallery\/il-simbolo-sacro-di-zulgos\/Zurf.jpg\" target=\"_blank\" rel=\"noopener\"><strong>Zurf<\/strong><\/a>, grazie alla quale poteva sempre reperire il compratore perfetto per i bottini pi\u00f9 ricercati.<\/p>\n<p style=\"text-align: justify;\">I primi giorni di Mirtul, Scroto Zoppo, Burzum e Arugan si incontrarono con Zurf a Waterdeep con l&#8217;obbiettivo di identificare i poteri del tomo e rivenderlo per il suo reale valore. Per effettuare il processo di identificazione, la guardia li port\u00f2 al cospetto di un mago di nome&nbsp;<a class=\"wp-live-preview\" href=\"https:\/\/www.manq.it\/waterdeep\/wp-content\/gallery\/il-simbolo-sacro-di-zulgos\/Duhlak-Kolat.png\" target=\"_blank\" rel=\"noopener\"><strong>Duhlak Kolat<\/strong><\/a>, che per\u00f2 non seppe aiutarli. La magia racchiusa nel libro risultava troppo potente anche per lui.<br \/>\nLa notte del Giorno IX per\u00f2, Scroto Zoppo fu vittima di un sortilegio: mentre i compagni dormivano, si trov\u00f2 teletrasportato in un bosco a lui sconosciuto, di fronte ad un mago che recava addosso i simboli di <strong>Bahamut<\/strong><em>&nbsp;<\/em>e&nbsp;teneva in mano uno strano oggetto. L&#8217;uomo, che aveva evidentemente compiuto l&#8217;incantesimo nel tentativo di far arrivare a s\u00e9 il libro, non immaginava che con il tomo sarebbe comparso anche il suo attuale possessore e cos\u00ec spar\u00ec nel buio, teletrasportando di nuovo indietro Scroto Zoppo.<br \/>\nIn seguito a questo avvenimento, Scroto Zoppo ed i suoi fratelli decisero che quel libro doveva davvero essere molto potente, troppo per volerlo vendere, e iniziarono la ricerca del misterioso mago.<\/p>\n<p style=\"text-align: justify;\">Dopo alcune indagini, supportate dagli agganci cittadini di Zurf, i tre mezz&#8217;orchi riuscirono ad identificare l&#8217;uomo che Scroto Zoppo aveva visto nel bosco: il suo nome era <a class=\"wp-live-preview\" href=\"https:\/\/www.manq.it\/waterdeep\/wp-content\/gallery\/il-simbolo-sacro-di-zulgos\/Mago-cattivo.png\" target=\"_blank\" rel=\"noopener\"><strong>Amasanna<\/strong><\/a> e viveva in una piccola rocca fuori Waterdeep. Cos\u00ec partirono, insieme a Zurf, Duhlak ed un secondo incantatore di nome <a class=\"wp-live-preview\" href=\"https:\/\/www.manq.it\/waterdeep\/wp-content\/gallery\/il-simbolo-sacro-di-zulgos\/Udramos.png\" target=\"_blank\" rel=\"noopener\"><strong>Udramos<\/strong><\/a>, anch&#8217;egli amico della guardia ed ingaggiato per rimuovere eventuali difese magiche che si fossero trovare tra i mezz&#8217;orchi ed il loro obbiettivo.<\/p>\n<p style=\"text-align: justify;\">L&#8217;assalto alla rocca fu tremendamente violento. I Puma del Tuono fecero irruzione demolendo una cospicua parte delle mura esterne e sterminando tutte le guardie presenti. Amasanna riusc\u00ec tuttavia a fuggire attraverso un portale.&nbsp;<br \/>\nLa servit\u00f9 presente fu oggetto di violenze incalcolabili, come la tradizione della trib\u00f9 vuole per gli sconfitti, e la rocca fu conquistata e data in dono a Zurf come segno di gratitudine. All&#8217;interno della fortezza i tre conquistatori trovarono un tempio dedicato a&nbsp;Bahamut, in cui era contenuto il portale tramite cui Amasanna era riuscito a fuggire. Bastarono alcune ulteriori ricerche tra i libri presenti al castello perch\u00e8 Scroto Zoppo trovasse la chiave per decifrare il tomo magico da cui tutto si era originato, cos\u00ec come la chiave di attivazione del portale.<\/p>\n<p style=\"text-align: justify;\">Prima di dedicarsi allo studio finale del tomo, Scroto Zoppo sentiva di dover chiudere i conti con Amasanna e cos\u00ec attiv\u00f2 il portale, che teletrasport\u00f2 il suo gruppo in una delle isole dell&#8217;arcipelago&nbsp;Whalebones, dove Amasanna aveva la propria tana.<br \/>\nIl mago infatti altri non era che un potente <strong>Drago D&#8217;Argento<\/strong>.<br \/>\nLo scontro fu ancora una volta violento, ma i Puma del Tuono ebbero la meglio e sconfissero Amasanna una volta per tutte, recuperandone l&#8217;immenso tesoro.<\/p>\n<p><img loading=\"lazy\" decoding=\"async\" class=\"aligncenter size-full wp-image-1634\" src=\"https:\/\/www.manq.it\/waterdeep\/wp-content\/uploads\/Silver-Dragon.jpg\" alt=\"\" width=\"800\" height=\"500\" srcset=\"https:\/\/www.manq.it\/waterdeep\/wp-content\/uploads\/Silver-Dragon.jpg 800w, https:\/\/www.manq.it\/waterdeep\/wp-content\/uploads\/Silver-Dragon-300x188.jpg 300w, https:\/\/www.manq.it\/waterdeep\/wp-content\/uploads\/Silver-Dragon-768x480.jpg 768w\" sizes=\"auto, (max-width: 800px) 100vw, 800px\" \/><\/p>\n<p style=\"text-align: justify;\"><strong>Cosa successe dopo?<\/strong><br \/>\nI contorni della storia qui diventano meno definiti, ma qualcosa \u00e8 comunque possibile raccontare.&nbsp;<br \/>\nGrazie alla parte di ricchezze che gli spettavano, Zurf prese realmente possesso della rocca che fu di Amasanna e si trasfer\u00ec fuori Waterdeep, lasciando il suo ruolo di guardia cittadina. Mantenne tuttavia i suoi contatti in citt\u00e0, che sfrutt\u00f2 ancora soprattutto per operare ai margini della legalit\u00e0 ed arricchirsi ulteriormente, continuando a collaborare con Scroto Zoppo ed i suoi fratelli.<br \/>\nI tre mezz&#8217;orchi decisero di non fare ritorno alla trib\u00f9. Sfruttando il teletrasporto ed il portale &#8220;reclutarono&#8221; degli schiavi e si costruirono una fortezza sull&#8217;isola, che divenne la loro base operativa. Da l\u00ec, sempre muovendosi con la magia, iniziarono a compiere razzie in tutta la Costa della Spada, divenendo ben presto noti a bardi e canta storie come una delle bande di briganti pi\u00f9 temute dell&#8217;intero Faerun.<\/p>\n<p style=\"text-align: justify;\"><strong>E il Libro? Cos&#8217;era in realt\u00e0?<\/strong><br \/>\nLa storia del libro \u00e8 piuttosto interessante. Il tomo \u00e8 infatti legato magicamente all&#8217;oggetto che Amasanna aveva in mano la prima volta che ha incontrato Scroto Zoppo. Si tratta di un simbolo sacro di Lathander che \u00e8 appartenuto per lungo tempo al chierico di Waterdeep&nbsp;<a class=\"wp-live-preview\" href=\"https:\/\/www.manq.it\/waterdeep\/wp-content\/gallery\/il-simbolo-sacro-di-zulgos\/Zulgos.jpg\" target=\"_blank\" rel=\"noopener\"><strong>Zulgos Helberad<\/strong><\/a>. Non \u00e8 ben chiaro come mai, ma fino a che il chierico lo ha avuto in suo possesso in qualche modo \u00e8 riuscito a proteggerlo dalle attenzioni di Amasanna, che per\u00f2 \u00e8 riuscito a recuperarlo non appena Aethimir lo ha rubato.<br \/>\nA quel punto il drago ha scoperto che per poter utilizzare davvero l&#8217;oggetto avrebbe dovuto trovare il libro ad esso collegato e cos\u00ec \u00e8 iniziata la storia che abbiamo raccontato.<br \/>\nOra che Scroto Zoppo possiede sia il libro che il simbolo, ha deciso di studiarli per comprenderne tutto il potere. Nel tentativo di avere tutti i pezzi del puzzle, ha anche rapito Zulgos, segregandolo sull&#8217;isola in cui vive.<br \/>\nQuesta, per\u00f2,&nbsp; \u00e8 un&#8217;altra storia&#8230;<\/p>\n<h3 style=\"text-align: justify;\"><strong><span style=\"color: #ff0000;\">I personaggi:<\/span><\/strong><\/h3>\nngg_shortcode_0_placeholder\n<h6 style=\"text-align: justify;\"><em>Nota: le immagini qui riportate sono state prese da google e ricaricate per comodit\u00e0 sul server del sito. <strong>Non sono di mia propriet\u00e0<\/strong>. Qualora il proprietario di una di queste immagini ritenesse improprio l&#8217;uso che ne sto facendo, <a href=\"mailto:manq.hsp@libero.it?subject=Richiesta di rimozione immagine dal sito WATERDEEP\">lo segnali<\/a> e l&#8217;immagine verr\u00e0 immediatamente rimossa. Colgo l&#8217;occasione per ringraziare tutti gli autori e complimentarmi per il loro operato.<\/em><\/h6>\n","protected":false},"excerpt":{"rendered":"<p>Gli avvenimenti riportati qui di&nbsp;seguito sono diretta conseguenza di quanto avvenuto il&nbsp;Giorno IX&nbsp;di Mirtul, anno 1370 CV. C&#8217;\u00e8 infatti una storia che si cela dietro al simbolo sacro di Zulgos e che prima o poi dovr\u00e0 essere raccontata, ma per ora ci limiteremo a narrare una serie di eventi innescatisi quando il chierico \u00e8 stato separato suo malgrado dal proprio &hellip; <a class=\"meta-nav\" href=\"https:\/\/www.manq.it\/waterdeep\/?page_id=1611\">Continue reading &rarr;<\/a><\/p>\n","protected":false},"author":5,"featured_media":0,"parent":0,"menu_order":0,"comment_status":"closed","ping_status":"closed","template":"","meta":{"ngg_post_thumbnail":0,"footnotes":""},"class_list":["post-1611","page","type-page","status-publish","hentry"],"_links":{"self":[{"href":"https:\/\/www.manq.it\/waterdeep\/index.php?rest_route=\/wp\/v2\/pages\/1611","targetHints":{"allow":["GET"]}}],"collection":[{"href":"https:\/\/www.manq.it\/waterdeep\/index.php?rest_route=\/wp\/v2\/pages"}],"about":[{"href":"https:\/\/www.manq.it\/waterdeep\/index.php?rest_route=\/wp\/v2\/types\/page"}],"author":[{"embeddable":true,"href":"https:\/\/www.manq.it\/waterdeep\/index.php?rest_route=\/wp\/v2\/users\/5"}],"replies":[{"embeddable":true,"href":"https:\/\/www.manq.it\/waterdeep\/index.php?rest_route=%2Fwp%2Fv2%2Fcomments&post=1611"}],"version-history":[{"count":9,"href":"https:\/\/www.manq.it\/waterdeep\/index.php?rest_route=\/wp\/v2\/pages\/1611\/revisions"}],"predecessor-version":[{"id":2533,"href":"https:\/\/www.manq.it\/waterdeep\/index.php?rest_route=\/wp\/v2\/pages\/1611\/revisions\/2533"}],"wp:attachment":[{"href":"https:\/\/www.manq.it\/waterdeep\/index.php?rest_route=%2Fwp%2Fv2%2Fmedia&parent=1611"}],"curies":[{"name":"wp","href":"https:\/\/api.w.org\/{rel}","templated":true}]}}