{"id":1721,"date":"2018-01-06T02:09:32","date_gmt":"2018-01-06T01:09:32","guid":{"rendered":"http:\/\/www.manq.it\/waterdeep\/?page_id=1721"},"modified":"2020-12-15T17:27:04","modified_gmt":"2020-12-15T16:27:04","slug":"victor-sbarg","status":"publish","type":"page","link":"https:\/\/www.manq.it\/waterdeep\/?page_id=1721","title":{"rendered":"Victor"},"content":{"rendered":"<p style=\"text-align: justify;\"><img decoding=\"async\" class=\"alignleft\" title=\"Victor\" src=\"https:\/\/www.manq.it\/waterdeep\/wp-content\/uploads\/Victor-255x300.jpg\"><strong><a href=\"https:\/\/www.manq.it\/waterdeep\/wp-content\/uploads\/Scheda_Victor.pdf\" target=\"_blank\" rel=\"noopener\">SCHEDA DEL PERSONAGGIO<\/a><\/strong><\/p>\n<p style=\"text-align: justify;\">Nato nelle campagne circostanti Berdusk, a otto anni Victor si ammal\u00f2 gravemente. Una febbre alta lo portava spesso a delirare, forti brividi scuotevano il suo corpo, e l\u2019inappetenza port\u00f2 il fisico allo stremo. La sua famiglia contatt\u00f2 molti dottori e guaritori, ma nessuno sembrava avere chiara la questione. Quando la situazione sembrava ormai disperata, mentre Victor era sull&#8217;orlo della morte, le febbri calarono lievemente, liberandolo da quello stato di delirio.<br \/>\nFu cos\u00ec che raccont\u00f2 a suo padre cosa gli era accaduto poco prima di iniziare a stare male. Stava giocando con gli altri bambini, e per nascondersi si era inoltrato nel bosco. Quel giorno aveva deciso di trovare il migliore nascondiglio di sempre. Nel suo girovagare, trov\u00f2 un arbusto che nascondeva una scalinata verso il basso. Incuriosito e convinto di essere sulla strada giusta, entr\u00f2 in una grotta artificiale. Dopo qualche passo gli fu chiaro che si trattava di un luogo funebre, una tomba antica. L\u2019indecisione prese il sopravvento: la curiosit\u00e0 fece spazio alla paura, aveva sentito spesso parlare delle maledizioni alle quali i profanatori di tombe erano andati incontro. Nel mentre questi pensieri si concretizzavano nella testa inizi\u00f2 a sentire un rumore di ossa provenire dal buio. Quel rumore lo fece trasalire e prendere coscienza che una sinistra nebbiolina stava risalendo dagli arti inferiori verso il tronco. Scapp\u00f2 a pi\u00f9 non posso verso il bosco, senza mai girarsi. L\u2019idea di tornare dai suoi amici quel giorno non lo sfior\u00f2 nemmeno. Poi, dal giorno dopo, inizi\u00f2 a star male ed i ricordi divennero sempre pi\u00f9 radi.<br \/>\nFu cos\u00ec che suo padre si rivolse alla chiesa di Kelemvor. Chiese che venisse guarito e raccont\u00f2 la sua storia al prete, ma quella guarigione era costosa, eccessivamente costosa per le tasche gi\u00e0 provate della famiglia. Quel chierico vedendo il bimbo provato dalla lunga sofferenza e consapevole in cuor suo che dietro al gesto del fanciullo non vi era stata sete di potere o brama di soldi, decise di proporre un patto al padre. Egli avrebbe scacciato la mortale maledizione che affliggeva il bambino, in cambio loro lo avrebbero educato a servire il dio Kelemvor e quel ragazzo sarebbe cresciuto nella riconoscenza verso il Signore dei Morti. Il patto venne siglato e l\u2019opera del sacerdote ebbe successo, le febbri scomparirono. Quello che per\u00f2 non scompar\u00ec fu la gobba, che era venuta a formarsi per la debolezza fisica.<br \/>\nLe potenzialit\u00e0 magiche di Victor furono scoperte quando aveva solo 11 anni, e fu portato a Waterdeep da <a class=\"wp-live-preview\" href=\"https:\/\/www.manq.it\/waterdeep\/wp-content\/gallery\/png\/Malchor-Harpell.jpg\" target=\"_blank\" rel=\"noopener\">Malchor Harpell<\/a>, che all\u2019epoca era apprendista di <a class=\"wp-live-preview\" href=\"https:\/\/www.manq.it\/waterdeep\/wp-content\/gallery\/png\/Khelben_Arunsun.jpg\" target=\"_blank\" rel=\"noopener\">Khelben Bastone Nero<\/a>.<br \/>\nCrebbe nella Torre insieme ad altri apprendisti maghi e stregoni, finch\u00e9 non fu in grado di intraprendere avventure in diverse zone del Faerun, raffinando le sue arti di magia e sopravvivenza e raccogliendo potenti oggetti magici ed esperienza.<br \/>\nUna delle lezioni pi\u00f9 importanti che ha imparato in quegli anni \u00e8 che meno i tuoi avversari sanno di lui, meno carte hanno in mano per batterlo. Inoltre, sebbene Victor sia effettivamente grato al Giudice dei Dannati per avergli donato la salute e salvato la vita, odia profondamente quella gobba che gli \u00e8 rimasta ad imperitura memoria delle sue avventate azioni.&nbsp; Fu per questo che decise di imparare quelle magie che in un modo o nell&#8217;altro cancellavano dalla sua persona quella deformit\u00e0.<br \/>\nNel 1363 Victor torn\u00f2 a Waterdeep in pianta stabile e sapendo quanto \u00e8 importante l\u2019informazione in Waterdeep, decise da subito che la sua vera identit\u00e0 sarebbe stata una cortina impenetrabile, eccetto che per pochi selezionati come&nbsp;<a class=\"wp-live-preview\" href=\"https:\/\/www.manq.it\/waterdeep\/wp-content\/gallery\/png\/Laeral.jpg\" target=\"_blank\" rel=\"noopener\">Laeral<\/a> e Khelben, che considera come secondi genitori.<br \/>\nI suoi veri genitori vivono ancora nella campagna di Berdusk, insieme ai suoi fratelli, e ogni volta che fa loro visita Victor prende mille accorgimenti affinch\u00e9 nessuno possa risalire a loro. Adesso che \u00e8 un avventuriero ricco vorrebbe garantire alla sua famiglia una vita pi\u00f9 che dignitosa. Spesso con le sue visite lascia somme di denaro che consentono alla sua famiglia di vivere discretamente e di lavorare meno duramente, consapevole che somme di denaro maggiori potrebbero indurre qualcuno a sospettare di quel figuro che di tanto in tanto fa loro visita.<br \/>\nSarebbe tutto diverso se suo padre accettasse di trasferirsi a Waterdeep, ma ad oggi rifiuta qualsiasi proposta di questo genere dicendo di essere attaccato a Berdusk e alla sua casa.<\/p>\n<p style=\"text-align: justify;\"><span style=\"color: #ff0000;\"><strong>Victor e Skullport:<\/strong><\/span><br \/>\nAvendo avuto modo di frequentare Skullport a lungo, Victor conosce abbastanza bene la citt\u00e0 sotterranea e le sue usanze.<br \/>\nNon esiste un vero governo, n\u00e9 leggi. E\u2019 tutto lasciato all&#8217;anarchia, eccetto per un piccolo grande dettaglio: se qualcuno danneggia seriamente la citt\u00e0, il porto, gli abitanti o le navi, o anche se compie un gesto che \u201csbilancia\u201d lo status quo di Skupport minacciando di provocare cambiamenti, allora nel giro di pochi istanti appaiono alcuni i Teschi. Questo non succede sempre, quindi non \u00e8 chiaro quando e come arrivino o perch\u00e9. Non \u00e8 nemmeno chiaro cosa facciano: questi teschi volanti infuocati sono innumerevoli, anche se compaiono solo a piccoli gruppi; a volte si limitano ad osservare senza agire, a volte riducono in cenere chi ha sgarrato; altre volte affidano compiti privi di senso ovvio e se ne tornano da dove venivano. Nessuno sa chi o cosa siano e dove si celino, anche se si ipotizza che provengano dal centro della baia.<br \/>\nIn ogni caso, il timore che arrivino i teschi agisce da costante monito, per cui la maggior parte degli abitanti di Skullport evita di infastidire i propri vicini.<br \/>\n<a class=\"wp-live-preview\" href=\"https:\/\/www.manq.it\/waterdeep\/wp-content\/gallery\/png\/xanathar.jpg\" target=\"_blank\" rel=\"noopener\">Lo Xanathar<\/a> \u00e8 il potente quanto irreperibile capo dell\u2019omonima Gilda. Anche se nessuno sa dove si celi, pare ormai assodato che Xanathar sia un beholder molto antico. I suoi agenti si fanno chiamare gli Agenti dell\u2019Occhio. L\u2019Agente dell\u2019Occhio pi\u00f9 noto e temuto \u00e8<a class=\"wp-live-preview\" href=\"https:\/\/www.manq.it\/waterdeep\/wp-content\/gallery\/png\/Ahmaergo.jpg\" target=\"_blank\" rel=\"noopener\"> Ahmaergo<\/a>, il nano cornuto.<br \/>\nAltri gruppi che agiscono pi\u00f9 o meno nascosti a Skullport sono i Prescelti di Eilistraee, drow rifugiati in Skullport che si oppongono alle attivit\u00e0 schiaviste di altri gruppi di potere, la Chiesa di Cyric, gli Arpisti, l\u2019Anello di Ferro, gli Illithid e gli Inosservati.<\/p>\n<p style=\"text-align: justify;\">Alcuni eventi capitati a Skullport di recente di cui Victor \u00e8 venuto a conoscenza:<\/p>\n<ul>\n<li style=\"text-align: justify;\">Due bande diverse di yuan-ti, capeggiate rispettivamente da <a class=\"wp-live-preview\" href=\"https:\/\/www.manq.it\/waterdeep\/wp-content\/gallery\/png\/Zstulkk-Ssarmn.jpg\" target=\"_blank\" rel=\"noopener\">Zstulkk Ssarmn<\/a> e da <a class=\"wp-live-preview\" href=\"https:\/\/www.manq.it\/waterdeep\/wp-content\/gallery\/png\/Nhyris-DHothek.jpg\" target=\"_blank\" rel=\"noopener\">Nhyris D\u2019Hothek<\/a>, stanno affrontandosi sanguinosamente nelle ultime settimane. Pare che i Teschi non intervengano in questi scontri.<\/li>\n<li style=\"text-align: justify;\">Un altro essere molto potente in Skullport, di cui si parlava molto fino ad un anno fa, era <a class=\"wp-live-preview\" href=\"https:\/\/www.manq.it\/waterdeep\/wp-content\/gallery\/png\/Shradin-Mulophor.jpg\" target=\"_blank\" rel=\"noopener\">Shradin Mulophor<\/a>. Noto per essere il necromante che vendeva i migliori zombi del Faerun, si dice che collaborasse con i Teschi. Secondo alcuni ne era il padrone e creatore.<br \/>\nPare che un anno fa Shradin sia scomparso, forse sconfitto da qualcuno. Da allora, diversi gruppi di avventurieri cercano la sua dimora nascosta, forse sotto la sua bottega, o altrove in Skullport.<\/li>\n<li style=\"text-align: justify;\">Un paladino di Torm decaduto, di nome <a class=\"wp-live-preview\" href=\"https:\/\/www.manq.it\/waterdeep\/wp-content\/gallery\/png\/Alastard-Boarshund.jpg\" target=\"_blank\" rel=\"noopener\">Alastard Boarshund<\/a>, ubriaco in una taverna, raccontava questa storia alcune sere fa: si era avventurato pochi giorni prima nei meandri di Sottoilmonte, a nord del Porto delle Nebbie. Lui e <a class=\"wp-live-preview\" href=\"https:\/\/www.manq.it\/waterdeep\/wp-content\/gallery\/png\/Shaella.jpg\" target=\"_blank\" rel=\"noopener\">sua moglie<\/a>, paladina di Sune, stavano riprendendosi da un incontro con un terribile dracolisco, che aveva pietrificato tre membri del loro gruppo, ed il loro ladro, un nano che sotto terra avrebbe dovuto giocare facile, era caduto in un pozzo senza fondo. Mentre la coppia si riposava appoggiata al muro di una stanza, <a class=\"wp-live-preview\" href=\"https:\/\/www.manq.it\/waterdeep\/wp-content\/\/gallery\/\/png\/Nebbia-Rossa.jpg\" target=\"_blank\" rel=\"noopener\">una foschia rossa<\/a> si allung\u00f2 senza rumore sul corpo addormentato di Shaella. Ella si svegli\u00f2 strillando, mentre la sua carne si consumava rapidamente sulle ossa. Alastard osserv\u00f2 impotente finch\u00e9 non rimase pi\u00f9 nulla di sua moglie, eccetto il suo scheletro lucente, che si sollev\u00f2 a sedere, si volt\u00f2 verso il paladino e disse \u201cAddio mio amato, un destino pi\u00f9 grande mi guida ora. Ti prego di non seguirmi.\u201d.<br \/>\n<span style=\"font-size: 1em;\">Questa non \u00e8 la prima volta che si sente parlare di quella nebbiolina rossa.&nbsp;<\/span><\/li>\n<\/ul>\n<p style=\"text-align: justify;\"><strong><span style=\"color: #ff0000;\">Victor dopo la sconfitta di <a class=\"wp-live-preview\" href=\"https:\/\/www.manq.it\/waterdeep\/wp-content\/\/gallery\/\/png\/Shradin-Mulophor.jpg\" target=\"_blank\" rel=\"noopener\">Shradin<\/a>:<\/span><\/strong><br \/>\nDopo aver salvato Waterdeep insieme ai suoi compagni, Victor \u00e8 divenuto un eroe per la citt\u00e0. Non lui per\u00f2, bens\u00ec <a class=\"wp-live-preview\" href=\"https:\/\/www.manq.it\/waterdeep\/wp-content\/gallery\/i-mille-volti-di-victor\/Kylia.jpg\" target=\"_blank\" rel=\"noopener\">Kylia<\/a>, la gnoma che era solito &#8220;interpretare&#8221; e le cui sembianze non prese mai pi\u00f9, proprio in seguito alla ribalta ottenuta.<br \/>\nD&#8217;altro canto Victor non \u00e8 mai stato interessato a fama e gloria, il suo interesse era ed \u00e8 rimasta l&#8217;arte della Magia e cos\u00ec ha continuato la sua vita, studiando come apprendista da <a class=\"wp-live-preview\" href=\"https:\/\/www.manq.it\/waterdeep\/wp-content\/\/gallery\/\/png\/Khelben_Arunsun.jpg\" target=\"_blank\" rel=\"noopener\">Khelben<\/a> e di altri importanti maghi a cui Bastone Nero ha potuto introdurlo.<br \/>\nAd un certo punto poi, quando l&#8217;et\u00e0 si \u00e8 fatta importante, Victor \u00e8 tornato a Berdusk dove ha concluso la sua vita circondato dalla sua gente.<br \/>\nE&#8217; possibile, anzi molto probabile, che il mago trasformista abbia preso parte in altri eventi cruciali della storia del Faerun, ma se lo ha fatto \u00e8 stato con sembianze che nessuno potr\u00e0 mai ricondurre a lui.<\/p>\n<p><span style=\"color: #ff0000;\"><strong>Tutti i volti di Victor:<\/strong><\/span><br \/>\nIl mago ama celare le proprie sembianze dietro personaggi diversi.<\/p>\n<ul>\n<li style=\"text-align: justify;\">A Waterdeep Victor passa almeno met\u00e0 del suo tempo nelle vesti di <strong>Kylia<\/strong>, gnoma maga che risiede presso la Locanda di <a class=\"wp-live-preview\" href=\"https:\/\/www.manq.it\/waterdeep\/wp-content\/gallery\/png\/Madame-Garah.jpg\" target=\"_blank\" rel=\"noopener\">Madame Garah<\/a>, nel quartiere degli avventurieri. Kylia \u00e8 estroversa e schietta; impiega la magia in modo piuttosto esibizionista, ad esempio usando illusioni minori per fare entrate ad effetto con fumo ed esplosioni.<\/li>\n<li style=\"text-align: justify;\">A Skullport, Victor \u00e8 quasi esclusivamente un mezzelfo di nome <strong>Liek<\/strong>, che ha una stanza fissa alla taverna Fuochi Profondi, dove risiede quando si trova in Skullport. Liek \u00e8 apprendista di <a class=\"wp-live-preview\" href=\"https:\/\/www.manq.it\/waterdeep\/wp-content\/gallery\/png\/Irusyl-Eraneth.jpg\" target=\"_blank\" rel=\"noopener\">Irusyl Eraneth<\/a>, maga umana che compra e vende informazioni, mantiene contatti in tutti i ceti e le organizzazioni di Skullport. Veste semplicemente, un cappuccio e mantello la copre interamente eccetto i lunghi capelli neri. Ha sempre un bastone di ciliegio finemente intarsiato, che si regge in verticale da solo quando Isuryl non lo ha in mano.&nbsp;Un segreto che Victor difenderebbe con la vita \u00e8 che in verit\u00e0, Isuryl \u00e8 Laeral Silverhand.<\/li>\n<li style=\"text-align: justify;\">A Berdusk di solito Victor si presenta vestito come un umano chierico di Kelemvor di nome <strong>Sigfrid Kloss<\/strong>, dorme al tempio o a casa sua ed ogni volta porta una somma di denaro da donare alla sua famiglia, pi\u00f9 un\u2019altra somma pi\u00f9 ingente come donazione al tempio di Kelemvor.<\/li>\n<\/ul>\nngg_shortcode_0_placeholder\n<h6 style=\"text-align: justify;\"><em>Nota: le immagini qui riportate sono state prese da google e ricaricate per comodit\u00e0 sul server del sito. <strong>Non sono di mia propriet\u00e0<\/strong>. Qualora il proprietario di una di queste immagini ritenesse improprio l&#8217;uso che ne sto facendo, <a href=\"mailto:manq.hsp@libero.it?subject=Richiesta di rimozione immagine dal sito WATERDEEP\">lo segnali<\/a> e l&#8217;immagine verr\u00e0 immediatamente rimossa. Colgo l&#8217;occasione per ringraziare tutti gli autori e complimentarmi per il loro operato.<\/em><\/h6>\n","protected":false},"excerpt":{"rendered":"<p>SCHEDA DEL PERSONAGGIO Nato nelle campagne circostanti Berdusk, a otto anni Victor si ammal\u00f2 gravemente. Una febbre alta lo portava spesso a delirare, forti brividi scuotevano il suo corpo, e l\u2019inappetenza port\u00f2 il fisico allo stremo. La sua famiglia contatt\u00f2 molti dottori e guaritori, ma nessuno sembrava avere chiara la questione. Quando la situazione sembrava ormai disperata, mentre Victor era &hellip; <a class=\"meta-nav\" href=\"https:\/\/www.manq.it\/waterdeep\/?page_id=1721\">Continue reading &rarr;<\/a><\/p>\n","protected":false},"author":5,"featured_media":0,"parent":0,"menu_order":0,"comment_status":"closed","ping_status":"closed","template":"","meta":{"ngg_post_thumbnail":0,"footnotes":""},"class_list":["post-1721","page","type-page","status-publish","hentry"],"_links":{"self":[{"href":"https:\/\/www.manq.it\/waterdeep\/index.php?rest_route=\/wp\/v2\/pages\/1721","targetHints":{"allow":["GET"]}}],"collection":[{"href":"https:\/\/www.manq.it\/waterdeep\/index.php?rest_route=\/wp\/v2\/pages"}],"about":[{"href":"https:\/\/www.manq.it\/waterdeep\/index.php?rest_route=\/wp\/v2\/types\/page"}],"author":[{"embeddable":true,"href":"https:\/\/www.manq.it\/waterdeep\/index.php?rest_route=\/wp\/v2\/users\/5"}],"replies":[{"embeddable":true,"href":"https:\/\/www.manq.it\/waterdeep\/index.php?rest_route=%2Fwp%2Fv2%2Fcomments&post=1721"}],"version-history":[{"count":14,"href":"https:\/\/www.manq.it\/waterdeep\/index.php?rest_route=\/wp\/v2\/pages\/1721\/revisions"}],"predecessor-version":[{"id":2545,"href":"https:\/\/www.manq.it\/waterdeep\/index.php?rest_route=\/wp\/v2\/pages\/1721\/revisions\/2545"}],"wp:attachment":[{"href":"https:\/\/www.manq.it\/waterdeep\/index.php?rest_route=%2Fwp%2Fv2%2Fmedia&parent=1721"}],"curies":[{"name":"wp","href":"https:\/\/api.w.org\/{rel}","templated":true}]}}