{"id":2437,"date":"2019-06-03T11:16:56","date_gmt":"2019-06-03T09:16:56","guid":{"rendered":"http:\/\/www.manq.it\/waterdeep\/?page_id=2437"},"modified":"2020-12-15T17:20:26","modified_gmt":"2020-12-15T16:20:26","slug":"il-bacio-di-waterdeep","status":"publish","type":"page","link":"https:\/\/www.manq.it\/waterdeep\/?page_id=2437","title":{"rendered":"Il bacio di Waterdeep"},"content":{"rendered":"<p style=\"text-align: justify;\"><em>Gli avvenimenti che stiamo raccontando sono accaduti durante il mese di <strong>Hammer<\/strong>, anno <strong>1370 CV<\/strong>, e raccontano una storia che apparentemente non ha molti punti di contatto con le vicende principali che avete letto, ma che in realt\u00e0 ne \u00e8 strettamente collegata.<br \/>\nLasceremo raccontare la vicenda non da uno dei protagonisti diretti, bens\u00ec da un esterno che, per quanto molto coinvolto, ha come sempre preferito osservare tutto da fuori: <a class=\"wp-live-preview\" href=\"https:\/\/www.manq.it\/waterdeep\/wp-content\/gallery\/png\/xanathar.jpg\" target=\"_blank\" rel=\"noopener noreferrer\">Xanathar<\/a>.<\/em><\/p>\n<p style=\"text-align: justify;\">La devo smettere di affidarmi agli incapaci.<br \/>\nSono secoli che, ciclicamente, cado in questi errori da principiante. Penso che un compito sia talmente elementare da risultare banale e cos\u00ec lo affido a uno dei sottosviluppati che, mio malgrado, rimpolpano le file della gilda. Ogni volta penso: &#8220;Che vuoi che possa mai combinare?&#8221; per poi trovarmi a bestemmiare gli dei di fronte a nuove ed imperscrutabili vette di imbecillit\u00e0.<br \/>\n<a class=\"wp-live-preview\" href=\"https:\/\/www.manq.it\/waterdeep\/wp-content\/gallery\/il-bacio-di-waterdeep\/Stoga.jpg\" target=\"_blank\" rel=\"noopener noreferrer\">Stoga<\/a> non \u00e8 stato il primo e ho come l&#8217;idea non sar\u00e0 l&#8217;ultimo dei dementi da cui mi capiter\u00e0 di restare deluso. Se c&#8217;\u00e8 una nota positiva da tutta questa vicenda \u00e8 che almeno lo hanno ucciso male.<br \/>\nPartiamo dall&#8217;inizio.<\/p>\n<p style=\"text-align: justify;\">A Waterdeep sono tornati i mutaforma. Non che se ne fossero mai andati veramente, per\u00f2 speravo che dopo l&#8217;ultima batosta presa ci avrebbero pensato due volte prima di riprovare a sovvertire gli equilibri cittadini. Evidentemente non sono l&#8217;unico a non imparare mai. A differenza delle volte precedenti, pare che questo nuovo tentativo vada oltre il mero potere politico della citt\u00e0 e coinvolga forze ben pi\u00f9 potenti e temibili, tanto che l&#8217;eco \u00e8 giunto fin qui a Skullport. Ora, se permettete, quando le cose sconfinano nel mio orticello mi sento legittimato a partecipare alla festa.<\/p>\n<p style=\"text-align: justify;\">La prima cosa da fare quando devi misurarti coi mutaforma \u00e8 riconoscerli, pare ovvio. Grazie alla mia rete ho scoperto che in citt\u00e0 sta spopolando un nuovo profumo, molto in voga nella Waterdeep che conta, chiamato Bacio di Waterdeep. Lo produce un elfo, tale <a class=\"wp-live-preview\" href=\"https:\/\/www.manq.it\/waterdeep\/wp-content\/gallery\/il-bacio-di-waterdeep\/Jhamanthra-Tsathree.jpg\" target=\"_blank\" rel=\"noopener noreferrer\">Jhamanthra<\/a>, in una piccola bottega a conduzione familiare. Questo profumo, non si sa bene perch\u00e8, \u00e8 altamente tossico ed urticante per la pelle dei mutaforma, di conseguenza potrebbe essere un metodo comodo e facile per identificarli, se non tutti, quantomeno quelli che cercano di spacciarsi per persone con cui conduco i miei affari. Fino a qui mi seguite, s\u00ec? Ok.<br \/>\nCosa ho chiesto di fare a quel decerebrato di Stoga? Semplice: portarmi la formula di quel dannatissimo profumo, ovvero derubare una bottega gestita da una famigliola inoffensiva. Siccome il compito era davvero a prova di scemo, non gli ho messo vincoli. Vuoi ucciderli tutti? Ok. Vuoi fare le cose in modo pulito? Bene uguale. <em>Keep it simple<\/em>, come direbbero i drow, l&#8217;importante \u00e8 che mi arrivi la formula e che nessuno venga a rompermi il cazzo per averla rubata.<br \/>\nEcco cosa ha pensato di fare il genio.<\/p>\n<p style=\"text-align: justify;\">La bottega di Jhamanthra \u00e8 gestita da una manciata di persone la cui rilevanza \u00e8 prossima allo zero. Parliamo di un elfo, un <a class=\"wp-live-preview\" href=\"https:\/\/www.manq.it\/waterdeep\/wp-content\/gallery\/il-bacio-di-waterdeep\/Zachary.jpg\" target=\"_blank\" rel=\"noopener noreferrer\">vecchio<\/a>, una <a class=\"wp-live-preview\" href=\"https:\/\/www.manq.it\/waterdeep\/wp-content\/gallery\/il-bacio-di-waterdeep\/Ellis.jpg\" target=\"_blank\" rel=\"noopener noreferrer\">puttanella<\/a>, una <a class=\"wp-live-preview\" href=\"https:\/\/www.manq.it\/waterdeep\/wp-content\/gallery\/il-bacio-di-waterdeep\/Jaime.jpg\" target=\"_blank\" rel=\"noopener noreferrer\">ragazzina<\/a> e un <a class=\"wp-live-preview\" href=\"https:\/\/www.manq.it\/waterdeep\/wp-content\/gallery\/il-bacio-di-waterdeep\/Cayden.jpg\" target=\"_blank\" rel=\"noopener noreferrer\">ritardato<\/a> che credo abbiano assunto per darsi il tono progressista di quelle aziende che danno un&#8217;opportunit\u00e0 a tutti. Cosa che visti alcuni dei miei collaboratori forse dovrei fare anche io.<br \/>\nSiccome quei cinque da soli non saprebbero neanche trovarsi la faccia con le mani, hanno assunto quattro avventurieri <em>wannabe<\/em> a dar loro una mano con le pratiche di sicurezza e di recupero materie prime. Quindi alla storia aggiungiamo un <a class=\"wp-live-preview\" href=\"https:\/\/www.manq.it\/waterdeep\/wp-content\/gallery\/il-bacio-di-waterdeep\/Gotrek-il-forbito.jpg\" target=\"_blank\" rel=\"noopener noreferrer\">nano piuttosto robusto<\/a>, un <a class=\"wp-live-preview\" href=\"https:\/\/www.manq.it\/waterdeep\/wp-content\/gallery\/il-bacio-di-waterdeep\/Eradan-Adward-Domos.jpg\" target=\"_blank\" rel=\"noopener noreferrer\">druido<\/a>, un fottutissimo <a class=\"wp-live-preview\" href=\"https:\/\/www.manq.it\/waterdeep\/wp-content\/gallery\/il-bacio-di-waterdeep\/Jgiulius.jpg\" target=\"_blank\" rel=\"noopener noreferrer\">paladino<\/a> (quanto li odio i paladini, non ne avete idea) e un&#8217;altra <a class=\"wp-live-preview\" href=\"https:\/\/www.manq.it\/waterdeep\/wp-content\/gallery\/il-bacio-di-waterdeep\/Felischia.jpg\" target=\"_blank\" rel=\"noopener noreferrer\">troietta<\/a>, in ottica di mantenere le quote rosa e continuare a calcare la mano su quell&#8217;idea progressista di cui sopra. Che poi pure io sono filo femminista eh, non fraintendetemi, dico che \u00e8 una mignotta perch\u00e8 \u00e8 chierica di Sune, mica perch\u00e8 donna.<br \/>\nOra mi piacerebbe chiedervi: anche solo per come vi ho presentato la situazione dopo un&#8217;analisi che mi ha richiesto al massimo trenta secondi e lo sforzo di non pi\u00f9 di due peduncoli, di chi vi sareste occupati SUBITO perch\u00e8, palesemente, unica variabile degna di considerazione all&#8217;interno dell&#8217;equazione? Bravi, degli avventurieri prezzolati. Invece Stoga no. Stoga di questi se ne \u00e8 battuto bellamente il cazzo.<\/p>\n<p style=\"text-align: justify;\">Il suo piano diabolico consisteva nel soggiogare mentalmente il <a class=\"wp-live-preview\" href=\"https:\/\/www.manq.it\/waterdeep\/wp-content\/gallery\/il-bacio-di-waterdeep\/Jason.jpg\" target=\"_blank\" rel=\"noopener noreferrer\">moroso<\/a> di Ellis affinch\u00e9 donasse alla stessa un anello con cui avrebbe soggiogato anche lei per poi usare entrambi per rubare la ricetta dall&#8217;interno. FERMI LI&#8217;! Vi vedo pensare che l&#8217;idea non \u00e8 male, capre maledette. E&#8217; un piano del cazzo, invece. Sapete perch\u00e8? Perch\u00e8 ovviamente la tipa di accettare l&#8217;anello di quel cazzo floscio di Jason non ci ha pensato manco di striscio. Ma li avete visti &#8216;sti due? Ma come fai a credere che una tipina tutto pepe come Ellis sia innamorata davvero di un bigolo come Jason?<br \/>\nQuindi niente anello e piano in fumo, direte voi. Serve un&#8217;opzione B, penserete.<br \/>\nPer Stoga no, tutto a posto. Controllare mentalmente il trombamico di una che lavora da Jhamanthra secondo lui era sufficiente a dargli libero accesso a tutti i segreti dell&#8217;elfo. Quindi lo ha inviato dentro il negozio una sera per rubare le formule, ma&#8230; soprpresa! Essere quello che qualche volta si \u00e8 infilzato la cassiera, a questo punto per evidente vocazione alla beneficenza della stessa, non gli ha dato automaticamente accesso alla combinazione della cassaforte.<br \/>\nIn preda al panico, Jason ha messo in scena un furto ridicolo in cui quasi ammazza il vecchio per portarsi a casa quattro monete, dei registri contabili che pu\u00f2 usare per pulirsi chi necessita delle latrine e un paio di boccette del famoso profumo.&nbsp;<br \/>\nStoga, che la tua anima sia dannata per l&#8217;eternit\u00e0, se tanto l&#8217;obbiettivo ormai era mettere le mani solo sul profumo per poi analizzarlo tu e risalire alla formula, perch\u00e8 cazzo non ne hai comprate un paio di ampolle invece di inscenare sto casino?&nbsp;<\/p>\n<p style=\"text-align: justify;\">Sei stato talmente scemo non solo da complicare una cosa facile, ma da sottovalutare le conseguenze della tua idiozia. Alla luce di questo tentato furto, infatti, i quattro mercenari al soldo di Jhamanthra hanno intravisto la possibilit\u00e0 di mollare un lavoro noioso e dedicarsi alla grande AVVENTURA INVESTIGATIVA e tu li hai lasciati fare, disinteressandotene fino a che si sono presentati a farti il culo. Cosa che \u00e8 prontamente successa.<\/p>\n<p style=\"text-align: justify;\">Morale della favola, mi ritrovo senza quel che mi serviva e devo ricominciare da capo.&nbsp;<br \/>\nQuei quattro per\u00f2 non si sono mossi male, mi hano anche alleggerito di uno scemo all&#8217;interno della gilda. Forse dovrei assumerli io. Adesso li mando a cercare.<\/p>\n<p style=\"text-align: justify;\">Il paladino no per\u00f2, i paladini devono morire male.<\/p>\n<h3 style=\"text-align: justify;\"><strong><span style=\"color: #ff0000;\">I protagonisti:<\/span><\/strong><\/h3>\nngg_shortcode_0_placeholder\n<h6 style=\"text-align: justify;\"><em>Nota: le immagini qui riportate sono state prese da google e ricaricate per comodit\u00e0 sul server del sito. <strong>Non sono di mia propriet\u00e0<\/strong>. Qualora il proprietario di una di queste immagini ritenesse improprio l&#8217;uso che ne sto facendo, <a href=\"mailto:manq.hsp@libero.it?subject=Richiesta di rimozione immagine dal sito WATERDEEP\">lo segnali<\/a> e l&#8217;immagine verr\u00e0 immediatamente rimossa. Colgo l&#8217;occasione per ringraziare tutti gli autori e complimentarmi per il loro operato.<\/em><\/h6>\n","protected":false},"excerpt":{"rendered":"<p>Gli avvenimenti che stiamo raccontando sono accaduti durante il mese di Hammer, anno 1370 CV, e raccontano una storia che apparentemente non ha molti punti di contatto con le vicende principali che avete letto, ma che in realt\u00e0 ne \u00e8 strettamente collegata. Lasceremo raccontare la vicenda non da uno dei protagonisti diretti, bens\u00ec da un esterno che, per quanto molto &hellip; <a class=\"meta-nav\" href=\"https:\/\/www.manq.it\/waterdeep\/?page_id=2437\">Continue reading &rarr;<\/a><\/p>\n","protected":false},"author":5,"featured_media":0,"parent":0,"menu_order":0,"comment_status":"closed","ping_status":"closed","template":"","meta":{"ngg_post_thumbnail":0,"footnotes":""},"class_list":["post-2437","page","type-page","status-publish","hentry"],"_links":{"self":[{"href":"https:\/\/www.manq.it\/waterdeep\/index.php?rest_route=\/wp\/v2\/pages\/2437","targetHints":{"allow":["GET"]}}],"collection":[{"href":"https:\/\/www.manq.it\/waterdeep\/index.php?rest_route=\/wp\/v2\/pages"}],"about":[{"href":"https:\/\/www.manq.it\/waterdeep\/index.php?rest_route=\/wp\/v2\/types\/page"}],"author":[{"embeddable":true,"href":"https:\/\/www.manq.it\/waterdeep\/index.php?rest_route=\/wp\/v2\/users\/5"}],"replies":[{"embeddable":true,"href":"https:\/\/www.manq.it\/waterdeep\/index.php?rest_route=%2Fwp%2Fv2%2Fcomments&post=2437"}],"version-history":[{"count":14,"href":"https:\/\/www.manq.it\/waterdeep\/index.php?rest_route=\/wp\/v2\/pages\/2437\/revisions"}],"predecessor-version":[{"id":2532,"href":"https:\/\/www.manq.it\/waterdeep\/index.php?rest_route=\/wp\/v2\/pages\/2437\/revisions\/2532"}],"wp:attachment":[{"href":"https:\/\/www.manq.it\/waterdeep\/index.php?rest_route=%2Fwp%2Fv2%2Fmedia&parent=2437"}],"curies":[{"name":"wp","href":"https:\/\/api.w.org\/{rel}","templated":true}]}}